t c(v) = -v**3 + 8*v**2 - 5*v - 9. Let r be c(7). Let o(t) = 2 - 4 + r*t + 0. Let g(a) = -14*a + 5. Let p(k) = -6*g(k) - 17*o(k). Calculate p(3).
1
Suppose 5*s = 5*w - 10, 0*w - 3*w = 3*s. Suppose 0 = u - 3 + w. Let o(k) = u*k + 0*k - k - 2 - 3. Calculate o(0).
-5
Suppose -4*n = -4*s - 4 - 12, 2*s - 4 = -4*n. Let x(k) = -47*k + 1 + 54*k - n. Give x(1).
6
Let r(z) = z + 7. Suppose -4*k + 16 = -12. Let l(a) = a - 2*a - 1 - k. Let u be l(-4). Calculate r(u).
3
Let y(c) = 5*c - 1. Suppose 5*o - 4 + 14 = 0. Calculate y(o).
-11
Let q(b) = -b**2 - 5*b + 2. Let c be -5 - ((-14)/21)/((-4)/(-6)). Calculate q(c).
6
Let g be -2*(-3)/(-15) - (-102)/180. Let y(o) be the second derivative of 0 + o + 0*o**2 - g*o**3. Determine y(-2).
2
Let q(x) = 3 + 23*x**3 - x**2 - 2 - 18*x**3. Give q(1).
5
Let x(d) = -21*d**2 + 35*d - 20. Let q(s) = -4*s**2 + 7*s - 4. Let l(a) = 11*q(a) - 2*x(a). Calculate l(4).
-8
Let a(s) = -6*s - 5. Let g(d) = 1. Let r(b) = -a(b) - 3*g(b). Determine r(4).
26
Let t(p) be the third derivative of -1/15*p**5 + 0 + 0*p + 1/6*p**4 + 1/2*p**3 - 5*p**2 - 1/120*p**6. Give t(-5).
8
Let n be ((-24)/10)/(9/(-60)). Suppose -m - 3*m + 2*b = -18, 4*b = 3*m - n. Let q(w) = 6 + 0 - 2*w + 4*w**2 - 3 - w**3. What is q(m)?
-5
Let s be (8/4)/2 - -1. Suppose -s*p + 15 = p. Let u(h) = h**3 + 4*h - 1 - 5*h**2 - 4*h. What is u(p)?
-1
Let q(f) = -f**2 - 2*f - 15. Let b(s) = -s + 1. Let c(w) = 6*b(w) + q(w). Give c(-6).
3
Let r = -3 - -3. Let u(t) = -t**2 + 4*t + 3. Let s be u(4). Let k(p) = 0 + r + 1 + p**3 - s*p - p**2. Give k(2).
-1
Suppose 3*d + 4*r - 8 = 2*d, 5*r + 24 = 3*d. Let b = -13 + d. Let w(n) = -2*n - 7. Give w(b).
3
Let f(z) = z - 9. Let x be f(5). Let l(o) = -5 - 3*o - o - o**3 - 4*o**2 + o + 4*o. What is l(x)?
-9
Let x = 21 - 11. Let m = -13 + x. Let a(v) = v**2 + 1. Determine a(m).
10
Suppose -3*p + 2*c = -10, -3*c - 10 = 2*c. Let s(l) = -6*l**2 + 3*l - 1. Give s(p).
-19
Let v(y) = y - 4. Let z(j) = j - 3. Let q be 2/(-4)*2*2. Let u(k) = q*v(k) + 3*z(k). Give u(-1).
-2
Suppose -3*j + 84 = j. Suppose 6*w - 2*w + 2*m = -6, 2*w - 5*m = -j. Let y(u) = -2*u**2 - u + 4. What is y(w)?
-11
Let b(j) = -6*j - 2. Let h(p) = -3*p - 3. Let d(k) = k - 1. Let a(w) = -2*d(w) + h(w). Let n(s) = -5*a(s) + 4*b(s). Give n(6).
3
Suppose 0 = 3*b + 4*p - 40, b - 9 - 11 = -3*p. Let d(m) = 2 + m**2 - 3*m**2 + m**2 - b. Give d(0).
-6
Let q(y) = 2*y - 2. Let d be q(2). Let n be (d/1)/(-3 - -1). Let w(o) = 11*o**2 - 1. Give w(n).
10
Let j = -5 - -7. Let a be (3 + -6)/((-2)/2). Let v(w) = a*w**j + 2 - w**2 + w - w**2. Give v(-2).
4
Let i(x) = x**2 + 0*x**2 - 2*x**2 + 35 - 32 - 6*x. Give i(-5).
8
Let x(i) = -i**3 + 5*i**2 - 3*i - 1. Let v be x(3). Let d(y) = 3*y**2 - v*y**2 + 3*y + 1 - 5 + y**3. Give d(3).
-13
Suppose 6 = 5*o - 4. Let p(t) = 2*t**3 - 2*t**2 - t - 1. Give p(o).
5
Let q(g) = -g + 1. Suppose -s = 4*n - 14, 0 = 5*n - 3*s + 2*s - 22. What is q(n)?
-3
Let v(k) = k**3 - 4*k**2 + 3*k - 3. Let l(m) = -m**3 + 3*m**2 - 4*m + 2. Let b(p) = -2*l(p) - 3*v(p). Let n = 18 - 12. Determine b(n).
-1
Let r be -1*0/(3 + -5). Let b(f) = -f - 10. Give b(r).
-10
Suppose -10 = -3*v - 31. Let q(k) = -k**2 - 8*k. Determine q(v).
7
Suppose 0 = -3*f + 2*f - 7. Let j(l) = l**2 + 8*l. Determine j(f).
-7
Let d(q) = -q - 4. Let c = -5 + 0. Calculate d(c).
1
Let g(o) = -4*o**2 + 2*o + 1. Let m(h) be the third derivative of h**5/60 - 13*h**4/24 - 5*h**3/2 + 7*h**2. Let a be m(14). Calculate g(a).
-5
Suppose 5*w - 4*a + 3 = 0, -4*a - a = -5*w - 5. Let d(k) be the third derivative of 0 - 1/6*k**4 - k**2 + 0*k - 1/6*k**3. Give d(w).
-5
Suppose 2*s - 5*s = -3*t + 3, 9 = -3*t. Let j(d) = 2*d**2 + 4*d - 3. What is j(s)?
13
Let j be (-5)/5 + (1 - 3). Let w(a) = 1 + a**3 + 5*a + 4*a**2 - 2*a + 0*a. What is w(j)?
1
Let u(c) = -c - 2. Suppose 3*r = r. Suppose -2*x - q - 2*q = -23, q - 5 = r. Suppose 4*t - x = 2*a, -6 - 2 = -2*a. Give u(t).
-5
Let q(i) = 1143*i**3 - 1144*i**3 + 7*i**2 + 2 + 6*i + 2. Give q(8).
-12
Let l(g) = 3*g**3 - 2*g**2 - 5. Let b(o) = -o**3 + 1. Suppose 27 = -2*w - 3*y - 0*y, 5*w + 10 = 4*y. Let q(i) = w*b(i) - l(i). What is q(1)?
4
Let k(r) = 0*r**2 - 6919 + 6916 - r**2 - 6*r. What is k(-5)?
2
Let v(w) = -w**3 - 4*w**2 + 4*w + 3. Let z(l) = l - 9. Let b be z(8). Let y be b/(-2) + 22/(-4). What is v(y)?
8
Let u(g) = -6*g**2 + g. Suppose 4*s = 5 - 1. Give u(s).
-5
Let c = -5 - -8. Suppose 0 = 3*f - 2*f - 3. Let n(r) = -2*r**f + 0 - 1 + 3*r**2 + r + r**3. Determine n(c).
2
Let z(u) = u**3 + 3*u**2 - u + 2. Let p be z(-3). Let l(f) be the first derivative of 4*f**2 - 7*f - 1/3*f**3 - 4. What is l(p)?
8
Let r(s) = -s**2 + 15*s - 10. Let t be r(14). Suppose -21 = t*o - o. Let a(l) = l**2 + 9*l + 9. Determine a(o).
-5
Let k(d) = d**3 + 3*d**2 - 7*d - 5. Let b be 0/4 - (1 + 4 + -1). What is k(b)?
7
Suppose -3*q = q + 12. Let o be 6/(-4 + 6) + -9. Let g = o - q. Let t(x) = -x**2 - 2*x - 2. Determine t(g).
-5
Let a(j) be the first derivative of j**3/3 + 2*j**2 - 5*j - 1. Let y = -22 - -18. Determine a(y).
-5
Let a = -3 - -2. Let q(j) = 5*j + 3*j**2 - 1 - j**2 - 5*j + 9*j**3. Determine q(a).
-8
Let i(d) = -d**3 + 1. Let u be i(0). Let c(x) = -u + x + 1 + 0 - 3. Determine c(-3).
-6
Let n(w) = w + 2. Let r(x) = x**3 - 6*x**2 - 7*x - 6. Let h be r(7). Let m be n(h). Let a(p) = -p**2 - 6*p - 5. Calculate a(m).
3
Let i(k) = -3*k**2 - 2*k - 2. Let o(r) = -r**2 - r. Let h(n) = i(n) - 4*o(n). Give h(2).
6
Let q(u) = 6. Let y(o) = -5. Let s(l) = -4*q(l) - 5*y(l). Let i be (-1 + -2 + 2)*(-1 + 0). Let m(x) = x**2 + x - 10. Let c(d) = i*m(d) + 6*s(d). Give c(0).
-4
Let p(h) = 11*h**2 - 5. Let w(y) = 12*y**2 - 6. Let g(k) = 7*p(k) - 6*w(k). Let o(z) = 5*z**2 + z + 1. Let f(q) = 3*g(q) - 2*o(q). Calculate f(1).
4
Let u(l) = 5*l + 2 + 2*l - 1 - 8*l. Give u(3).
-2
Let s(t) be the first derivative of t**3/3 - 2*t**2 - 6*t - 51. Give s(5).
-1
Let m(v) = v**3 - v**2. Let y(u) = -5*u**3 + 6*u**2 + u. Let g(c) = 6*m(c) + y(c). Determine g(-1).
-2
Let s be 9/2*(-4)/3. Let z(x) = -1. Let y(g) = -g + 0 - 10 + 5 - 10. Let v(r) = y(r) - 4*z(r). Calculate v(s).
-5
Let h(v) = -2*v - 1. Let i(t) = t**2 + 8*t + 10. Let n be i(-8). Suppose 0*l - n = 5*l. Give h(l).
3
Let p(k) = 13*k**2 - 28*k**2 - 8*k + 16*k**2 - 10 + 2. Calculate p(9).
1
Let z(m) = m + 2. Let c(r) = -5*r**2 - r. Let q be c(1). Calculate z(q).
-4
Let m(b) be the second derivative of -1/3*b**3 + 1/2*b**2 + 0 - 6*b. Calculate m(2).
-3
Let g(l) = -2*l**2 + l + 3. Let a(q) = -2 + 3 - q**2 + 0*q**2 + 0*q**2. Let u(r) = 5*a(r) - 3*g(r). Determine u(6).
14
Let n(t) = -t - 5. Let c be 2/4 - (-14)/4. Suppose c*q - 5*l = -17, 0*q - 2 = 2*q + 4*l. Determine n(q).
-2
Let v(l) be the third derivative of -5*l**4/24 + 5*l**3/6 - 13*l**2. What is v(-5)?
30
Let y(g) = 11 + 4 - g - 7. Calculate y(8).
0
Let o(q) be the second derivative of -q**5/20 + q**4/12 - q**3/6 + q**2/2 + 16*q. Calculate o(2).
-5
Let t(v) = -v**3 - 6*v**2 + v + 4. Let l be t(-6). Let n(y) be the second derivative of y**4/12 - 2*y**3/3 - 3*y**2/2 - y. Give n(l).
9
Let y(d) be the third derivative of -d**4/12 + 4*d**3/3 + 9*d**2. Calculate y(6).
-4
Let z(b) = b**2 - b - 1. Let i be ((-4)/(-2))/(8/(-12)). Let t = i - -2. Determine z(t).
1
Let p(x) = x + 19. Let s be p(-15). Let d(t) = -2*t**2 + 5*t + 2. Give d(s).
-10
Let m(j) be the second derivative of j**3/6 + 4*j. Calculate m(0).
0
Let v(s) = s**3 + 4*s**2 + 2*s + 2. Let r(j) = -2*j**3 - 8*j**2 - 4*j - 4. Let c(h) = 3*r(h) + 7*v(h). What is c(-4)?
-6
Let c(w) = -2*w - 2. Let r = 8 - 11. What is c(r)?
4
Let n = 7 + -5. Let w = 5 - n. Let u(k) = -3 - 6*k + w. Determine u(1).
-6
Suppose 0 = -n - a + 4, 0 = -0*n + n - 5*a + 8. Let t(y) be the first derivative of -1/2*y**2 + 1/3*y**3 - 1 - y. Determine t(n).
1
Let x(z) = z - 7. Let t be x(9). Let u(k) = k**2 - 2*k**2 + 1 + t*k - 2. Give u(-2).
-9
Let t(c) = c**2 + c + 8. Suppose -4*m = -5*g + 20, -g + 20 = -3*m + 4*g. Determine t(m).
8
Let j be (2 - 5 - -15) + 0. Let f be 3/(3/j*-3). Let s(z) = 3*z + 4. Determine s(f).
-8
Let n = -28 - -52. Suppose -5*z + z = -n. Let i(j) = 2*j - 2. Calculate i(z).
10
Let y = 82 + -78. Let q(s) = 2*s. Determine q(y).
8
Let a(c) = -c**2 + 7*c + 3. Let g be a(7). Let q(n) = -n**g - n + 2*n**2 + 1 - n**2 + 2*n**2. What is q(3)?
-2
Let r(z) be the third derivative of 2/3*